 4013. Determine r(19).
-205
Let k(a) = -a**3 - 6*a**2 + 3*a - 565. Give k(0).
-565
Let w(n) = 6*n**2 + 69*n + 70. Give w(-10).
-20
Let f(l) = 105*l + 1167. Determine f(-11).
12
Let g(b) = b**3 + 15*b**2 + 60*b + 18. Determine g(-9).
-36
Let b(o) = -17*o**2 - 126*o - 1. Calculate b(-8).
-81
Let m(x) = -25*x + 25. Give m(-3).
100
Let w(h) = -2*h**2 + 22*h + 332. Give w(20).
-28
Let g(u) = -11*u**2 + 156*u - 1620. What is g(11)?
-1235
Let s(b) = -222*b + 624. Give s(3).
-42
Let t(p) = -47*p + 314. Determine t(12).
-250
Let p(i) = i**2 - 16*i + 7. Calculate p(13).
-32
Let y(l) = l**3 + 21*l**2 - 4*l - 57. What is y(-21)?
27
Let m(r) = -r**3 + 8*r**2 + 47*r - 41. Determine m(10).
229
Let g(x) = -x**3 + 79*x**2 - 1435*x + 168. Calculate g(28).
-28
Let s(h) = 588*h - 1186. Determine s(2).
-10
Let i(a) = -a**2 - 42*a + 453. Give i(6).
165
Let a(x) = -x**3 - 10*x**2 + 301*x + 51. What is a(-23)?
5
Let y(h) = h**3 + 14*h**2 + 10*h + 10. Determine y(-5).
185
Let l(s) = 9*s**2 + 36*s - 7. Determine l(-4).
-7
Let x(c) = -5*c**2 - 3*c + 4. Calculate x(2).
-22
Let z(l) = -5*l**2 + 127*l + 3198. What is z(41)?
0
Let i(b) = 6*b - 111. What is i(22)?
21
Let v(u) = -16*u - 52. Give v(-7).
60
Let i(h) = -h**2 + 11*h - 10. Determine i(-3).
-52
Let k(d) = d**3 + 77*d**2 + 155*d + 598. Determine k(-75).
223
Let i(r) = -5*r**2 + 80*r + 72. Give i(-1).
-13
Let y(v) = 97*v + 846. Calculate y(-8).
70
Let r(h) = 16*h + 1002. Calculate r(-40).
362
Let i(g) = g**2 + 390*g - 2808. Give i(7).
-29
Let j(u) = -23*u + 212. Give j(10).
-18
Let b(y) = -y**3 - 22*y**2 - 80*y - 449. What is b(-19)?
-12
Let z(u) = -39*u + 1083. Determine z(28).
-9
Let n(g) = -g**2 + 36*g - 136. Give n(31).
19
Let z(s) = -9*s**2 - 292*s + 906. Determine z(3).
-51
Let r(h) = 26*h + 145. What is r(-13)?
-193
Let k(l) = -5*l**2 + 80*l - 5. Calculate k(13).
190
Let n(y) = y**2 - 99*y - 420. Give n(103).
-8
Let a(q) = 11*q**3 - 3*q**2 - 26*q + 12. Calculate a(-4).
-636
Let m(y) = 277*y + 1129. What is m(-5)?
-256
Let l(k) = -k**2 + 36*k + 322. Calculate l(-7).
21
Let x(o) = 23*o + 792. What is x(-34)?
10
Let k(o) = -o + 47. What is k(-6)?
53
Let u(g) = g**2 + 4*g + 25. Calculate u(-4).
25
Let x(k) = 17*k - 516. What is x(27)?
-57
Let m(k) = 6*k**2 + 1264*k - 1264. Calculate m(1).
6
Let g(l) = 554*l - 3325. Give g(6).
-1
Let v(g) = g**3 - 17*g**2 + 19*g - 18. Calculate v(16).
30
Let m(n) = n**2 - 215*n + 1459. Calculate m(7).
3
Let w(f) = 3*f**2 - 2886*f - 5789. Give w(-2).
-5
Let g(n) = 6*n**2 - 360*n + 1944. Calculate g(54).
0
Let d(o) = -8*o**2 - 581*o + 44. Calculate d(-73).
-175
Let c(r) = -390*r**2 - 85*r + 84. Determine c(1).
-391
Let r(t) = -2*t**3 + 22*t**2 + 78*t + 4. Calculate r(-3).
22
Let k(d) = -d**2 - 18*d - 112. What is k(-16)?
-80
Let s(h) = -160*h - 391. Give s(-2).
-71
Let p(r) = 323*r + 48134. What is p(-149)?
7
Let d(b) = 2*b**2 + 130*b + 476. What is d(-4)?
-12
Let a(b) = b**3 - 14*b**2 + 28*b - 60. What is a(12)?
-12
Let h(g) = g**2 + 15*g + 80. Give h(-8).
24
Let b(k) = -10*k + 444. What is b(36)?
84
Let r(x) = 498*x - 4412. What is r(8)?
-428
Let a(z) = -355*z + 1015. What is a(3)?
-50
Let f(s) = -s**2 + 193*s + 4502. Determine f(-21).
8
Let t(u) = u**2 + 87*u - 14933. Calculate t(86).
-55
Let q(y) = -5*y**3 + 113*y**2 + 42*y + 91. Give q(23).
-1
Let f(l) = -5*l**2 + 194*l - 59. Determine f(39).
-98
Let g(b) = 3*b**3 - 2*b**2 + 7*b - 68. Determine g(5).
292
Let p(n) = n**3 + 8*n**2 - 46*n - 47. Determine p(5).
48
Let p(x) = -23*x + 95. Calculate p(3).
26
Let h(s) = 49*s**2 + 692*s + 63. What is h(-14)?
-21
Let u(l) = l**2 - 242*l - 732. Calculate u(-3).
3
Let z(u) = u**3 + 5*u**2 + 69*u + 165. Determine z(-3).
-24
Let t(r) = 16*r + 312. Give t(-18).
24
Let s(n) = -8*n + 105. Determine s(7).
49
Let a(q) = -2*q**2 + 113*q - 170. What is a(53)?
201
Let p(i) = -43*i + 16. Calculate p(0).
16
Let c(u) = -522*u + 19313. Calculate c(37).
-1
Let l(s) = -87*s - 90. What is l(3)?
-351
Let n(j) = 33*j**2 + 172*j + 503. Give n(-3).
284
Let m(u) = 12*u**2 + 38*u + 28. Give m(-6).
232
Let w(d) = 244*d - 1240. Determine w(5).
-20
Let v(q) = 1578*q**2 + 85212*q + 12. Determine v(-54).
12
Let m(k) = -6*k**2 - 41*k - 75. Calculate m(-8).
-131
Let t(b) = 2*b**3 + 71*b**2 - 29*b + 253. Give t(-36).
1
Let n(b) = b**2 + 52*b + 666. What is n(-21)?
15
Let b(x) = -26*x - 408. Determine b(-3).
-330
Let l(i) = 60*i - 977. Give l(16).
-17
Let m(c) = 26*c - 234. What is m(5)?
-104
Let m(w) = w**2 - 75*w + 1335. Give m(44).
-29
Let a(l) = 3*l**3 - 24*l**2 - 29*l + 9. Determine a(9).
-9
Let v(k) = 568*k + 3873. What is v(-6)?
465
Let w(v) = 207*v**2 - 3067*v - 568. Determine w(15).
2
Let u(r) = 2*r**2 + 33*r - 610. Determine u(11).
-5
Let p(c) = -c**3 - 26*c**2 - 56*c + 10. Give p(-3).
-29
Let t(w) = -111*w - 12792. Calculate t(-116).
84
Let u(l) = 12*l**3 + 77*l**2 - 165*l - 1. Calculate u(2).
73
Let b(u) = 2*u**2 + 27*u - 97. Determine b(-17).
22
Let j(n) = -27*n + 1293. Give j(47).
24
Let q(j) = j**3 - 79*j**2 - 78*j - 162. What is q(80)?
-2
Let v(m) = 73*m - 938. What is v(13)?
11
Let d(l) = -2*l**2 + 59*l + 1269. Give d(44).
-7
Let b(w) = w**2 + 4*w - 46. Determine b(4).
-14
Let h(w) = 730*w + 1447. Calculate h(-2).
-13
Let x(a) = a**3 - a**2 + 14*a - 87. Give x(0).
-87
Let c(j) = -1595*j + 38281. Determine c(24).
1
Let p(b) = 2*b**2 - 4*b - 301. Give p(-11).
-15
Let b(u) = 20*u + 620. What is b(-41)?
-200
Let r(o) = 54*o + 713. Give r(-13).
11
Let y(d) = 10*d**2 + 26*d - 23. Give y(-3).
-11
Let f(o) = -4*o**2 - 9*o - 9. What is f(4)?
-109
Let z(r) = -r**2 - 129*r - 2792. Determine z(-27).
-38
Let x(j) = -92*j - 135. Give x(-1).
-43
Let z(v) = -104*v - 864. Determine z(-8).
-32
Let y(j) = 16*j - 646. What is y(45)?
74
Let t(w) = 4*w**3 + 90*w**2 - 40*w + 102. What is t(-23)?
-36
Let z(q) = 64*q - 1605. Calculate z(25).
-5
Let r(p) = 30*p - 676. Calculate r(23).
14
Let d(v) = v**3 - 60*v**2 - 66*v + 319. Determine d(61).
14
Let c(p) = 110*p + 2228. Calculate c(-20).
28
Let q(r) = 7*r**2 + 137*r - 5956. Determine q(21).
8
Let q(x) = -x**2 + 13*x + 1359. Determine q(44).
-5
Let v(y) = 4*y**3 - 64*y**2 - y + 24. Determine v(16).
8
Let k(f) = 31*f - 1397. Determine k(45).
-2
Let t(n) = 37*n**2 + 620*n - 142. Give t(-17).
11
Let j(r) = 112*r + 10187. What is j(-91)?
-5
Let s(v) = -358*v + 289. Give s(1).
-69
Let m(w) = w**3 - 17*w**2 - 116*w + 1484. What is m(19)?
2
Let k(j) = -6*j**2 - 27*j + 74. Determine k(3).
-61
Let n(r) = 24*r + 1036. Calculate n(-35).
196
Let i(o) = -21*o**2 + 145*o + 8. Calculate i(7).
-6
Let k(y) = y**2 + 106*y + 1043. Give k(-11).
-2
Let x(u) = -114*u + 1652. Give x(15).
-58
Let b(y) = 168*y + 521. Determine b(-3).
17
Let y(a) = 14*a + 804. Calculate y(-56).
20
Let u(v) = v**3 + 14*v**2 + 21*v + 39. Calculate u(-13).
-65
Let a(u) = u**2 + 8*u - 53. Calculate a(-8).
-53
Let u(g) = -200*g - 404. What is u(1)?
-604
Let w(j) = -j**3 + 2*j**2 - 21*j - 80. Give w(-8).
728
Let q(u) = -3*u**2 + u + 91. Give q(-6).
-23
Let d(h) = h**3 - 46*h**2 + 47*h - 1. What is d(45)?
89
Let q(x) = 166*x + 157. Calculate q(-3).
-341
Let t(q) = q**3 - 19*q**2 + 34*q - 402. Calculate t(18).
-114
Let r(x) = -x**3 + 2*x - 137. What is r(0)?
-137
Let w(j) = 1037*j + 14528. Determine w(-14).
10
Let l(w) = -50*w + 73. Give l(1).
23
Let g(l) = -l**3 + 39*l**2 + 7*l - 1716. Calculate g(38).
-6
Let o(a) = a**3 - 42*a**2 + 42*a - 261. What is o(41)?
-220
Let n(s) = -304*s + 2134. Give n(7).
6
Let o(j) = 3*j**2 + 33*j - 28. What is o(-12)?
8
Let q(d) = d**2 - 53*d + 219. Determine q(4).
23
Let m(b) = 20*b + 24. Give m(-24).
-456
Let o(q) = -14*q + 762. Calculate o(51).
48
Let j(f) = 2*f**3 + 22*f**2 + 57*f - 2. Determine j(-4).
-6
Let j(m) = -41*m**2 - 3158*m - 83. What is j(-77)?
-6
Let f(s) = 75*s + 899. Determine f(-10).
149
Let a(s) = -3*s**2 - 73*s + 336. Give a(4).
-4
Let m(d) = -d**3 - d**2 + 32*d - 23. Give m(7).
-191
Let f(h) = h**2 - 2*h - 7. Give f(-4).
17
Let t(x) = x**3 - 5*x**2 - 5. Calculate t(-4).
-149
Let x(v) = -v**2 + 2184*v + 6554. Calculate x(-3).
-7
Let j(q) = -2*q**2 - 32*q + 154. Calculate j(-20).
-6
Let u(g) = 158*g + 1412. What is u(-8)?
148
Let j(n) = -3*n**3 + 117*n**2 - n + 183. Determine j(39).
144
Let o(v) = -v**3 - 53*v**2 - 232*v - 14. Give o(-5).
-54
Let p(l) = 2019*l + 18156. What